 13?
3a
What is 99 (base 13) in base 11?
105
157 (base 16) to base 13
205
Convert 0 (base 5) to base 12.
0
Convert a (base 11) to base 7.
13
Convert 4 (base 9) to base 15.
4
What is -12 (base 12) in base 11?
-13
Convert -52 (base 12) to base 11.
-57
What is -7 (base 16) in base 10?
-7
-4b (base 13) to base 11
-58
Convert 1 (base 12) to base 15.
1
3 (base 16) to base 15
3
4 (base 11) to base 5
4
What is 6 (base 13) in base 5?
11
11 (base 3) to base 12
4
Convert -30 (base 11) to base 12.
-29
What is -177 (base 9) in base 14?
-ab
Convert 35 (base 6) to base 12.
1b
What is 5 (base 11) in base 7?
5
Convert 2 (base 8) to base 4.
2
Convert -3 (base 15) to base 4.
-3
Convert 11 (base 3) to base 4.
10
What is -20 (base 7) in base 4?
-32
What is 432 (base 6) in base 5?
1124
What is 111010 (base 2) in base 5?
213
Convert 1001 (base 2) to base 16.
9
1 (base 13) to base 8
1
Convert 5 (base 12) to base 5.
10
13 (base 15) to base 12
16
Convert -10 (base 12) to base 2.
-1100
Convert -255 (base 12) to base 5.
-2403
-5 (base 8) to base 5
-10
What is -c1 (base 14) in base 2?
-10101001
What is -66 (base 13) in base 4?
-1110
Convert 55 (base 11) to base 14.
44
Convert -76 (base 11) to base 14.
-5d
What is -112 (base 3) in base 15?
-e
-26 (base 13) to base 14
-24
What is 100010000 (base 2) in base 9?
332
Convert -2 (base 11) to base 2.
-10
Convert -11111 (base 2) to base 9.
-34
What is 104 (base 10) in base 12?
88
4 (base 5) to base 4
10
-54 (base 8) to base 13
-35
Convert 1 (base 15) to base 11.
1
Convert 1 (base 13) to base 8.
1
b (base 13) to base 7
14
Convert 49 (base 13) to base 8.
75
-71 (base 8) to base 14
-41
Convert ba (base 12) to base 15.
97
What is 33 (base 4) in base 14?
11
What is -41 (base 14) in base 5?
-212
-16d (base 15) to base 7
-646
What is -140 (base 5) in base 3?
-1200
2 (base 9) to base 5
2
Convert -12 (base 4) to base 10.
-6
1 (base 11) to base 4
1
-41 (base 12) to base 5
-144
Convert -32 (base 7) to base 16.
-17
What is 86 (base 10) in base 15?
5b
What is 0 (base 16) in base 12?
0
Convert -98 (base 11) to base 8.
-153
2 (base 9) to base 8
2
What is 1 (base 10) in base 5?
1
What is -4 (base 15) in base 3?
-11
Convert -21 (base 3) to base 9.
-7
Convert -12 (base 16) to base 13.
-15
Convert -32 (base 7) to base 5.
-43
What is 1 (base 10) in base 3?
1
Convert 152 (base 12) to base 16.
ce
b2 (base 14) to base 2
10011100
What is -11000 (base 2) in base 11?
-22
What is 7 (base 11) in base 9?
7
What is -13 (base 5) in base 13?
-8
-151 (base 9) to base 4
-1333
What is -4 (base 15) in base 9?
-4
What is -13 (base 8) in base 2?
-1011
Convert -3 (base 6) to base 14.
-3
Convert -2 (base 11) to base 9.
-2
-43 (base 8) to base 3
-1022
What is -3 (base 13) in base 12?
-3
What is -3 (base 13) in base 8?
-3
What is -161 (base 7) in base 9?
-112
What is 5 (base 14) in base 6?
5
What is 12 (base 5) in base 3?
21
What is -3 (base 6) in base 3?
-10
Convert -1022 (base 3) to base 5.
-120
Convert -1120 (base 3) to base 2.
-101010
What is 4d (base 14) in base 6?
153
What is -21 (base 6) in base 7?
-16
Convert -2 (base 16) to base 7.
-2
What is 3 (base 8) in base 9?
3
-1 (base 14) to base 9
-1
-e (base 16) to base 10
-14
-2 (base 5) to base 15
-2
10111 (base 2) to base 12
1b
Convert -d (base 15) to base 10.
-13
Convert 6 (base 12) to base 4.
12
-54 (base 13) to base 4
-1011
Convert 10 (base 12) to base 3.
110
3 (base 8) to base 11
3
10100001 (base 2) to base 16
a1
Convert 0 (base 9) to base 13.
0
-1 (base 3) to base 11
-1
What is -15 (base 16) in base 15?
-16
What is 1 (base 12) in base 2?
1
Convert -65 (base 8) to base 4.
-311
-2b (base 15) to base 12
-35
-1210 (base 4) to base 14
-72
-3022 (base 4) to base 2
-11001010
What is -15 (base 7) in base 13?
-c
What is -1 (base 9) in base 4?
-1
Convert -4 (base 10) to base 9.
-4
What is -24 (base 8) in base 5?
-40
14 (base 10) to base 7
20
Convert 3 (base 13) to base 2.
11
What is 22 (base 4) in base 12?
a
What is -10 (base 3) in base 15?
-3
Convert -2 (base 6) to base 12.
-2
Convert 1321 (base 5) to base 10.
211
-d3 (base 16) to base 12
-157
Convert -89 (base 12) to base 15.
-70
What is 4 (base 14) in base 16?
4
-7 (base 13) to base 4
-13
Convert -21 (base 11) to base 4.
-113
Convert -5 (base 13) to base 5.
-10
Convert -134 (base 5) to base 2.
-101100
-223 (base 6) to base 2
-1010111
21 (base 3) to base 10
7
What is 27 (base 14) in base 10?
35
0 (base 2) to base 15
0
Convert -47 (base 11) to base 9.
-56
-4 (base 8) to base 14
-4
Convert 14 (base 6) to base 7.
13
What is -15 (base 7) in base 15?
-c
Convert c (base 15) to base 4.
30
-5 (base 14) to base 16
-5
Convert 3 (base 12) to base 4.
3
Convert 6 (base 16) to base 10.
6
-3 (base 15) to base 2
-11
Convert -8a (base 15) to base 2.
-10000010
What is b3 (base 13) in base 8?
222
Convert 11 (base 5) to base 15.
6
Convert 8 (base 13) to base 6.
12
-d (base 16) to base 6
-21
-100 (base 2) to base 6
-4
What is -37 (base 15) in base 5?
-202
What is 314 (base 5) in base 14?
60
-363 (base 9) to base 8
-454
-1003 (base 4) to base 2
-1000011
Convert 10 (base 16) to base 7.
22
-531 (base 7) to base 13
-177
Convert -112 (base 3) to base 11.
-13
Convert -e (base 15) to base 13.
-11
Convert -5 (base 12) to base 9.
-5
What is -147 (base 10) in base 6?
-403
What is -163 (base 7) in base 3?
-10111
222 (base 3) to base 16
1a
Convert 101 (base 2) to base 13.
5
What is 6 (base 16) in base 6?
10
Convert -6 (base 11) to base 16.
-6
Convert -4 (base 16) to base 10.
-4
What is 50 (base 14) in base 2?
1000110
Convert -2 (base 12) to base 14.
-2
What is -9 (base 14) in base 13?
-9
0 (base 9) to base 6
0
Convert 200 (base 4) to base 11.
2a
-1 (base 10) to base 16
-1
What is 78 (base 15) in base 11?
a3
What is -128 (base 10) in base 13?
-9b
What is -5 (base 11) in base 2?
-101
-10 (base 4) to base 5
-4
What is 12 (base 15) in base 3?
122
What is -10 (base 8) in base 13?
-8
211 (base 6) to base 14
59
311 (base 6) to base 10
115
What is -25 (base 6) in base 13?
-14
3c (base 15) to base 6
133
Convert 0 (base 5) to base 11.
0
1d (base 15) to base 8
34
4 (base 7) to base 4
10
Convert 11 (base 3) to base 5.
4
What is -2 (base 7) in base 12?
-2
7 (base 8) to base 7
10
Convert -1 (base 13) to base 2.
-1
What is 44 (base 6) in base 7?
40
Convert -12 (base 11) to base 5.
-23
78 (base 16) to base 5
440
Convert 220 (base 5) to base 12.
50
113 (base 5) to base 13
27
1 (base 6) to base 12
1
Convert -22 (base 3) to base 15.
-8
-18 (base 14) to base 15
-17
What is 10 (base 5) in base 13?
5
What is 2 (base 15) in base 7?
2
112 (base 6) to base 12
38
Convert -110 (base 5) to base 12.
-26
Convert 100000 (base 2) to base 3.
1012
Convert -35 (base 12) to base 11.
-38
-7 (base 16) to base 2
-111
6a (base 13) to base 16
58
Convert 234 (base 7) to base 4.
1323
-10 (base 6) to base 4
-12
Convert -9f (base 16) to base 3.
-12220
-5 (base 15) to base 3
-12
What is 2 (base 11) in base 7?
2
4 (base 8) to base 16
4
-36 (base 15) to base 6
-123
300 (base 4) to base 6
120
12 (base 6) to base 10
8
What is -2 (base 5) in base 13?
-2
db (base 16) to base 6
1003
-124 (base 16) to base 2
-100100100
Convert -7 (base 10) to base 7.
-10
9 (base 10) to base 15
9
13 (base 6) to base 7
12
What is 3 (base 16) in base 5?
3
What is -5 (base 7) in base 2?
-101
-10 (base 13) to base 5
-23
2 (base 13) to base 3
2
What is 15 (base 15) in base 14?
16
What is 17 (base 16) in base 14?
19
221 (base 3) to base 8
31
What is -35 (base 16) in base 8?
-65
Convert -11 (base 5) to base 15.
-6
What is -3013 (base 4) in base 14?
-103
What is 189 (base 15) in base 12?
256
-211 (base 5) to base 6
-132
10000111 (base 2) to base 14
99
What is -47 (base 15) in base 9?
-74
8 (base 12) to base 3
22
What is 15 (base 13) in base 2?
10010
44 (base 9) to base 8
50
Convert 1001 (base 2) to base 5.
14
Convert 243 (base 9) to base 4.
3021
What is 29 (base 12) in base 11?
30
101111 (base 2) to base 14
35
Convert 1 (base 12) to base 4.
1
What is 50 (base 16) in base 3?
2222
What is 10 (base 14) in base 8?
16
What is -1 (base 14) in base 4?
-1
-64 (base 7) to base 2
-101110
-2 (base 3) to base 16
-2
Convert 3 (base 15) to base 16.
3
Convert -7 (base 8) to base 13.
-7
-25 (base 7) to base 15
-14
What is -16 (base 12) in base 3?
-200
80 (base 15) to base 7
231
What is -302 (